What are the prime factors of i(-4)?
3, 29
Let q(v) = -6*v**2 + v - 10. Let r be q(-3). Let c = 66 + r. What are the prime factors of 11 + -10 - (-500)/(c - -3)?
251
Suppose 143*u = 145*u - 934. Let t = -15 + u. What are the prime factors of t?
2, 113
Suppose 72*w - 241*w = -333944. What are the prime factors of w?
2, 13, 19
Suppose 6489780 + 2213772 = 198*j + 426*j. List the prime factors of j.
2, 11, 317
Let j(r) = r**2 - 25*r + 46. Let x be j(21). Suppose 5*m + 210 = -i, 0*i = -m - 2*i - 42. Let z = x - m. List the prime factors of z.
2
Let f(z) = -z - 4. Let u be f(-9). Suppose 2*g + 242 = 4*g + u*x, 2*g = -2*x + 242. What are the prime factors of g?
11
Let i(p) = -11*p - 48. Let f be i(-19). Suppose 2*x + f = 5*k - 1244, 0 = -5*x. List the prime factors of k.
281
List the prime factors of 3774/9*-1*5/2*-6.
2, 5, 17, 37
Let a(y) = 139*y**2 + 3*y - 2. Let b be a(1). Let j be (-5)/10*0*1. Suppose -2*h + b = -j*h. List the prime factors of h.
2, 5, 7
Suppose 0 = 45*q - 2735853 + 474963. What are the prime factors of q?
2, 25121
Let j = 18928 - 811. What are the prime factors of j?
3, 11, 61
Let s = 294 - 292. Suppose 0 = 5*d - d - s*f - 1682, f = 1. List the prime factors of d.
421
Let m(w) = -w**3 + 23*w**2 + 6*w - 22. Suppose -52*h + 50*h + 40 = 0. Suppose x - 4*g = 19, 2*g = x - g - h. What are the prime factors of m(x)?
2, 29
Let y = -9 - -5. Let m be (((-30)/y)/5)/(9/54). Let u = 13 - m. What are the prime factors of u?
2
Let f = -10351 + 19404. List the prime factors of f.
11, 823
Suppose 5*g + 33559 + 30931 = 5*j, -5*j + 4*g = -64489. What are the prime factors of j?
3, 1433
Let v(h) = -6*h + 0*h + 8 + 3 + 2*h. Let n be v(0). Suppose -m = -14 - n. List the prime factors of m.
5
Suppose 57*u - 3499188 = -9*u. What are the prime factors of u?
2, 7, 541
Suppose -4*s - 282 = 170. Let c = 282 + s. Let m = -90 + c. What are the prime factors of m?
79
Let h = -20716 + 38127. What are the prime factors of h?
23, 757
Suppose 25*u + 155207 = 5*i + 24*u, 2*i = 5*u + 62046. List the prime factors of i.
37, 839
Let z = -61828 - -88717. What are the prime factors of z?
3, 8963
Let p(l) be the third derivative of l**5/60 - 5*l**4/24 + 19*l**3/6 - 13*l**2 + 3*l. What are the prime factors of p(-10)?
13
Suppose 3*a - 2*a = -150. Let s be 73*((-3)/(-3) - 2). Let j = s - a. What are the prime factors of j?
7, 11
Let p be (-212)/2 + -10 + 6. Suppose 51 = 7*o - 124. Let t = o - p. What are the prime factors of t?
3, 5
Let a = 10513 - 4582. List the prime factors of a.
3, 659
Let q(z) = 9*z**2 - 53*z - 323. What are the prime factors of q(-24)?
6133
Let b be 9/(-6)*(-10)/3. Suppose 0 = -b*v + 2*v + 300. Suppose 2*p = 2*w - 188, -3*w = -2*w + p - v. What are the prime factors of w?
97
Let r(o) = -222*o - 6. Let b be r(-2). Let u = 642 - b. Suppose 52*t - u = 48*t. List the prime factors of t.
3, 17
Let d(o) = 28*o + 47. Let b(q) = -2*q + 1. Let s(z) = -6*b(z) + d(z). What are the prime factors of s(9)?
401
Suppose 14*c - 13*c = 0. Suppose -3*k - 5*w = 7 + 8, 2*k + 2*w + 14 = c. List the prime factors of 4/k - (-16042)/130.
3, 41
Suppose -2380 = 12*s - 8860. Suppose 0 = -r + 5*a + 540, -s = 2*r - 3*r - 5*a. Suppose -3*n = 5*f - 470, 0 = -5*f - 5*n + r - 70. List the prime factors of f.
2, 47
Suppose q - 2*r - 17 = -r, 3*r - 45 = -5*q. Let p(g) = -g**3 + 16*g**2 - 16*g + 4. Let k be p(15). List the prime factors of 0 - -109 - (k + q).
2, 3
Suppose -3*v = 3*u - 10809, -2*u + 18009 = 5*v - 3*u. List the prime factors of v.
2, 1801
Suppose w - 11956 = -3*t, -47920 = -4*w - 16*t + 20*t. List the prime factors of w.
2, 5987
Let p = -491 + 957. Suppose -37*d + p = -35*d. List the prime factors of d.
233
Let c(i) = -2*i - 13. Let a be c(-10). Let v(h) = -2*h + h - 83 - a*h + 75. What are the prime factors of v(-8)?
2, 7
Let w be (202/4)/(3/(-6)). Let q = 165 + w. Let f = q + 19. List the prime factors of f.
83
Let p be 8 - ((-7)/(-49) + (-20)/(-7)). Suppose -10 = -y + 4*t - 2*t, 0 = -p*t. List the prime factors of 1 + (872/(-10))/(y/(-25)).
3, 73
Let a = -225 + -409. Let c = -446 - a. What are the prime factors of c?
2, 47
Let b be (-106)/(-2) - 0/(-1). Let q = -42 + b. Suppose -3*p = 10*j - q*j + 181, -4*j = 5*p - 741. What are the prime factors of j?
2, 23
Suppose -12 = -5*o + 13. Let b = 102 + -100. Suppose l + 164 = b*a - 83, o*l = -5. List the prime factors of a.
3, 41
Suppose -13*h + 1100 = 2816. Let m = h + 836. What are the prime factors of m?
2, 11
Let m(k) = 4*k**2 + 24 - 2*k - 12 - 21. Let i be ((-6)/12)/(3/(-30)). What are the prime factors of m(i)?
3
Let p be 62/5 - 72/180. Let x(b) = -b**3 + 15*b**2 - 8*b + 17. List the prime factors of x(p).
353
Let l(q) = q**2 - 96 + 13 - 98 + 2*q. What are the prime factors of l(-18)?
107
Suppose 115 = 5*q - 4*c, -4*q + 2*c + 14 = -84. Suppose 3*u - j - 200 = 0, 3*u - 230 + q = -2*j. What are the prime factors of u?
67
Suppose -9*u + 20 = -7. Suppose 4*q = 9 - 1, u*q = -5*p + 2451. What are the prime factors of p?
3, 163
Let o(z) = -66*z + 1982. What are the prime factors of o(-85)?
2, 13, 73
Let g be 14 - 1 - (-14 - -13). Let d be (0 - (-1 + 1)) + g. Let x(f) = f**3 - 15*f**2 + 16*f - 7. What are the prime factors of x(d)?
3, 7
Suppose 0 = 1636*n - 1654*n + 347058. List the prime factors of n.
3, 6427
Suppose -6220 = 5*i - 7350. Let l(f) = -2*f**3 - 4*f**2 - 8*f - 7. Let j be l(-6). Suppose -5*q + i = -j. What are the prime factors of q?
3, 37
Suppose 0*g = -2*g + 5*g. Suppose 5*a + b - 43 = g, a - 3*b - 15 = -2*a. Suppose 4*y = a*y - 376. List the prime factors of y.
2, 47
Let x(k) = 8*k**2 + 3*k - 14. Let m be x(-6). Suppose 0*u + 2*u - m = 0. Suppose 2*p - u - 30 = 0. List the prime factors of p.
79
Let i = -114 - -110. Let g(b) = -9*b**3 + 4*b**2 + 8*b + 25. What are the prime factors of g(i)?
3, 211
Let c(j) = -2*j + 42. Let m be c(23). Let b be m + 1 + (-6)/((-6)/7). Suppose f = -4*x + 39, -3*f - 30 + b = -x. List the prime factors of x.
11
Let o = -15 - 48. Let s = 71 + o. Let c(u) = -u**3 + 8*u**2 + 4*u - 5. List the prime factors of c(s).
3
Let b(k) = 60*k. Let m = -152 + 156. List the prime factors of b(m).
2, 3, 5
Let u = -60 + 62. Suppose -3*a + 27 = u*c, 4*a = -4*c + 29 + 27. Let s = 164 - c. List the prime factors of s.
149
Suppose 2*c - 8*u = -7*u + 181, 361 = 4*c - 3*u. Let l = c - -92. List the prime factors of l.
3, 61
Let z(k) = k**2 - 8*k - 17. Let i be z(10). Suppose 5*v - 11760 = -0*v + i*c, 0 = 5*v - 4*c - 11760. Suppose 332 - v = -10*g. List the prime factors of g.
2, 101
Let l = -20181 - -35043. List the prime factors of l.
2, 3, 2477
Suppose 128*y - 123*y + 6645 = 0. Let c = -486 - y. List the prime factors of c.
3, 281
List the prime factors of 7 + 133497/14 + (30/(-12))/(-1).
5, 23, 83
Let k = -1344 + 942. Let i be k/4*(-17 + 15). Let a = i + -28. What are the prime factors of a?
173
Suppose -2*a = 14, i - 1594*a + 1596*a = 44749. List the prime factors of i.
3, 43, 347
Suppose -175306 = -5*l - 21*l + 6096. List the prime factors of l.
6977
Suppose 23*h + 587875 = 148*h. What are the prime factors of h?
4703
Suppose -5227 = 3*c + 3*w - 69280, -2*c - w = -42708. What are the prime factors of c?
3, 7, 113
What are the prime factors of (2 + -3 + 5)*(-4)/(24/(-4998))?
2, 7, 17
Suppose -19*k + 11206 = -6*k. Suppose 0 = -r + x + 430, 2*r - k = -x + 2*x. What are the prime factors of r?
2, 3
Let h(v) be the first derivative of v**4/4 + 7*v**3/3 - 7*v**2/2 - 30*v + 149. List the prime factors of h(-7).
19
Let g(r) = r**2 + 15*r + 18. Let n be g(-14). Let w be (492/(-10))/(n/(-60)). Suppose -5*u + w = u. What are the prime factors of u?
3, 41
Let l = -28 + 18. Let s(i) = -i**3 - 10*i**2 - i - 6. Let m be s(l). Suppose -m*v = -8*v + 56. What are the prime factors of v?
2, 7
Let o(p) = 118*p + 2719. What are the prime factors of o(30)?
11, 569
What are the prime factors of (25370/15 - -3) + 17/(-51)?
2, 7, 11
Suppose 7*i - 856 = -i. Suppose -9 - i = -2*f. Suppose 3*g - 2*p - 101 = 0, -2*p - f = -4*g + 74. List the prime factors of g.
31
Let s(n) = -93*n + 1. Let o(c) = -53*c. Let g(d) = -7*o(d) + 4*s(d). Let i be 1/(-4) - 46/8. List the prime factors of g(i).
2, 5
Suppose -1186 = -7*z + 2*z + 4*r, -r - 4 = 0. List the prime factors of z.
2, 3, 13
Suppose -4*l - x + 4967 = 0, 147*l = 148*l + 4*x